{"id":72,"date":"2014-02-22T13:29:36","date_gmt":"2014-02-22T13:29:36","guid":{"rendered":"http:\/\/vszellerndorf.ac.at\/wordpress\/?page_id=72"},"modified":"2020-09-22T10:26:34","modified_gmt":"2020-09-22T09:26:34","slug":"elternverein","status":"publish","type":"page","link":"https:\/\/vszellerndorf.ac.at\/wordpress\/schule\/elternverein\/","title":{"rendered":"Elternverein"},"content":{"rendered":"<p style=\"text-align: justify;\"><!--?xml:namespace prefix = \"o\" \/--><span style=\"color: #000000; font-size: large;\"><span style=\"font-family: Calibri;\">Die Zusammenarbeit <span style=\"text-decoration: underline;\">ELTERN-SCH\u00dcLER-LEHRER<\/span> sollte bei allen wichtigen <\/span><\/span><span style=\"font-size: large;\"><span style=\"color: #000000;\"><span style=\"font-family: Calibri;\">Entscheidungen, die <\/span><\/span><span style=\"color: #000000;\"><span style=\"font-family: Calibri;\">das Kind betreffen, im Vordergrund stehen. <\/span><\/span><\/span><span style=\"color: #000000; font-size: large;\"><span style=\"font-family: Calibri;\">Eine gelebte Schulpartnerschaft, zu der alle Seiten ihren Beitrag leisten m\u00fcssen,<\/span><\/span><span style=\"color: #000000; font-size: large;\"><span style=\"font-family: Calibri;\">\u00a0ist Voraussetzung f\u00fcr einen funktionierenden Schulalltag.<\/span><\/span><\/p>\n<p style=\"text-align: justify;\"><span style=\"color: #000000; font-size: large;\"><span style=\"font-family: Calibri;\">Im <span style=\"text-decoration: underline;\">Klassenforum<\/span> werden Eltern \u00fcber Aktivit\u00e4ten\u00a0im jeweiligen\u00a0Schuljahr <\/span><\/span><span style=\"font-size: large;\"><span style=\"color: #000000;\"><span style=\"font-family: Calibri;\">informiert und deren <\/span><\/span><span style=\"color: #000000;\"><span style=\"font-family: Calibri;\">Einverst\u00e4ndnis dazu eingeholt, <\/span><\/span><\/span><span style=\"color: #000000; font-size: large;\"><span style=\"font-family: Calibri;\">sowie Fragen der Erziehung und des Unterrichts besprochen.<\/span><\/span><\/p>\n<p style=\"text-align: justify;\"><span style=\"color: #000000; font-size: large;\"><span style=\"font-family: Calibri;\">Im <span style=\"text-decoration: underline;\">Schulforum<\/span> beschlie\u00dfen die gew\u00e4hlten Klassenelternvertreter\/innen <\/span><\/span><span style=\"font-size: large;\"><span style=\"color: #000000;\"><span style=\"font-family: Calibri;\">mit den Lehrpersonen und dem<\/span><\/span><span style=\"color: #000000;\"><span style=\"font-family: Calibri;\"> Direktor Projekte, karitative Sammlungen, <\/span><\/span><\/span><span style=\"color: #000000; font-size: large;\"><span style=\"font-family: Calibri;\">schulautonome Tage, etc.<\/span><\/span><span style=\"font-size: large;\">\u00a0<\/span><\/p>\n<p style=\"text-align: justify;\"><span style=\"color: #000000; font-size: large;\"><span style=\"font-family: Calibri;\">Der Elternverein, mit dem die Schule eng zusammenarbeitet, ist in <\/span><\/span><span style=\"font-size: large;\"><span style=\"color: #000000;\"><span style=\"font-family: Calibri;\">dankenswerter Weise immer <\/span><\/span><span style=\"color: #000000;\"><span style=\"font-family: Calibri;\">wieder bereit, die Schule tatkr\u00e4ftig zu unterst\u00fctzen. <\/span><\/span><\/span><span style=\"color: #000000; font-size: large;\"><span style=\"font-family: Calibri;\">Wir danken an dieser Stelle auch f\u00fcr die Organisation der von den <\/span><\/span><span style=\"color: #000000; font-size: large;\"><span style=\"font-family: Calibri;\">Sch\u00fclern und Sch\u00fclerinnen gut angenommenen gesunden Jause.<\/span><\/span><\/p>\n<p><strong>Obfrau:<\/strong> Sandra D\u00f6ller<\/p>\n","protected":false},"excerpt":{"rendered":"<p>Die Zusammenarbeit ELTERN-SCH\u00dcLER-LEHRER sollte bei allen wichtigen Entscheidungen, die das Kind betreffen, im Vordergrund stehen. Eine gelebte Schulpartnerschaft, zu der alle Seiten ihren Beitrag leisten m\u00fcssen,\u00a0ist Voraussetzung f\u00fcr einen funktionierenden Schulalltag. Im Klassenforum werden Eltern \u00fcber Aktivit\u00e4ten\u00a0im jeweiligen\u00a0Schuljahr informiert und deren Einverst\u00e4ndnis dazu eingeholt, sowie Fragen der Erziehung und des Unterrichts besprochen. Im Schulforum beschlie\u00dfen [&hellip;]<\/p>\n","protected":false},"author":2,"featured_media":0,"parent":64,"menu_order":0,"comment_status":"closed","ping_status":"closed","template":"","meta":{"_regular_price":[],"currency_symbol":[],"footnotes":""},"class_list":["post-72","page","type-page","status-publish","hentry"],"post_slider_layout_featured_media_urls":{"thumbnail":"","post_slider_layout_landscape_large":"","post_slider_layout_portrait_large":"","post_slider_layout_square_large":"","post_slider_layout_landscape":"","post_slider_layout_portrait":"","post_slider_layout_square":"","full":""},"_links":{"self":[{"href":"https:\/\/vszellerndorf.ac.at\/wordpress\/wp-json\/wp\/v2\/pages\/72","targetHints":{"allow":["GET"]}}],"collection":[{"href":"https:\/\/vszellerndorf.ac.at\/wordpress\/wp-json\/wp\/v2\/pages"}],"about":[{"href":"https:\/\/vszellerndorf.ac.at\/wordpress\/wp-json\/wp\/v2\/types\/page"}],"author":[{"embeddable":true,"href":"https:\/\/vszellerndorf.ac.at\/wordpress\/wp-json\/wp\/v2\/users\/2"}],"replies":[{"embeddable":true,"href":"https:\/\/vszellerndorf.ac.at\/wordpress\/wp-json\/wp\/v2\/comments?post=72"}],"version-history":[{"count":6,"href":"https:\/\/vszellerndorf.ac.at\/wordpress\/wp-json\/wp\/v2\/pages\/72\/revisions"}],"predecessor-version":[{"id":1976,"href":"https:\/\/vszellerndorf.ac.at\/wordpress\/wp-json\/wp\/v2\/pages\/72\/revisions\/1976"}],"up":[{"embeddable":true,"href":"https:\/\/vszellerndorf.ac.at\/wordpress\/wp-json\/wp\/v2\/pages\/64"}],"wp:attachment":[{"href":"https:\/\/vszellerndorf.ac.at\/wordpress\/wp-json\/wp\/v2\/media?parent=72"}],"curies":[{"name":"wp","href":"https:\/\/api.w.org\/{rel}","templated":true}]}}